Dec 02 15:20:18.108 INFO testing stm32l151-0.2.1 against master#8940af3cea4a9a9deabcaf843b2f8cad9a83fc61 for beta-1.31-5
Dec 02 15:20:18.108 INFO running `"docker" "create" "-v" "/mnt/big/crater/work/local/target-dirs/beta-1.31-5/worker-4/master#8940af3cea4a9a9deabcaf843b2f8cad9a83fc61:/target:rw,Z" "-v" "/mnt/big/crater/work/local/test-source/worker-4/beta-1.31-5/master#8940af3cea4a9a9deabcaf843b2f8cad9a83fc61:/source:ro,Z" "-v" "/mnt/big/crater/work/local/cargo-home:/cargo-home:ro,Z" "-v" "/mnt/big/crater/work/local/rustup-home:/rustup-home:ro,Z" "-e" "USER_ID=1000" "-e" "SOURCE_DIR=/source" "-e" "USER_ID=1000" "-e" "CMD=cargo +8940af3cea4a9a9deabcaf843b2f8cad9a83fc61-alt build --frozen" "-e" "CARGO_TARGET_DIR=/target" "-e" "CARGO_INCREMENTAL=0" "-e" "RUST_BACKTRACE=full" "-e" "RUSTFLAGS=--cap-lints=warn" "-e" "CARGO_HOME=/cargo-home" "-e" "RUSTUP_HOME=/rustup-home" "-m" "1536M" "--network" "none" "crater"`
Dec 02 15:20:18.748 INFO [stdout] 65a25a17d46187d738104b95ef281ce6fc009e0292d1c6acaa4d59392170e01b
Dec 02 15:20:18.750 INFO running `"docker" "start" "-a" "65a25a17d46187d738104b95ef281ce6fc009e0292d1c6acaa4d59392170e01b"`
Dec 02 15:20:19.715 INFO [stderr] usermod: no changes
Dec 02 15:20:19.831 INFO [stderr]    Compiling cortex-m v0.4.3
Dec 02 15:20:19.843 INFO [stderr]    Compiling untagged-option v0.1.1
Dec 02 15:20:19.843 INFO [stderr]    Compiling bare-metal v0.1.3
Dec 02 15:20:19.843 INFO [stderr]    Compiling aligned v0.1.2
Dec 02 15:20:19.983 INFO [stderr] error[E0554]: #![feature] may not be used on the beta release channel
Dec 02 15:20:19.983 INFO [stderr]  --> /cargo-home/registry/src/github.com-1ecc6299db9ec823/untagged-option-0.1.1/src/lib.rs:5:1
Dec 02 15:20:19.983 INFO [stderr]   |
Dec 02 15:20:19.983 INFO [stderr] 5 | #![feature(untagged_unions, const_fn)]
Dec 02 15:20:19.983 INFO [stderr]   | ^^^^^^^^^^^^^^^^^^^^^^^^^^^^^^^^^^^^^^
Dec 02 15:20:19.983 INFO [stderr] 
Dec 02 15:20:19.983 INFO [stderr] error: aborting due to previous error
Dec 02 15:20:19.983 INFO [stderr] 
Dec 02 15:20:19.983 INFO [stderr] For more information about this error, try `rustc --explain E0554`.
Dec 02 15:20:19.983 INFO [stderr] error: Could not compile `untagged-option`.
Dec 02 15:20:19.983 INFO [stderr] warning: build failed, waiting for other jobs to finish...
Dec 02 15:20:20.067 INFO [stderr] error[E0554]: #![feature] may not be used on the beta release channel
Dec 02 15:20:20.067 INFO [stderr]  --> /cargo-home/registry/src/github.com-1ecc6299db9ec823/bare-metal-0.1.3/src/lib.rs:5:35
Dec 02 15:20:20.067 INFO [stderr]   |
Dec 02 15:20:20.067 INFO [stderr] 5 | #![cfg_attr(feature = "const-fn", feature(const_fn))]
Dec 02 15:20:20.067 INFO [stderr]   |                                   ^^^^^^^^^^^^^^^^^
Dec 02 15:20:20.071 INFO [stderr] 
Dec 02 15:20:20.072 INFO [stderr] error: aborting due to previous error
Dec 02 15:20:20.072 INFO [stderr] 
Dec 02 15:20:20.073 INFO [stderr] For more information about this error, try `rustc --explain E0554`.
Dec 02 15:20:20.107 INFO [stderr] error: Could not compile `bare-metal`.
Dec 02 15:20:20.111 INFO [stderr] warning: build failed, waiting for other jobs to finish...
Dec 02 15:20:20.119 INFO [stderr] error[E0554]: #![feature] may not be used on the beta release channel
Dec 02 15:20:20.119 INFO [stderr]   --> /cargo-home/registry/src/github.com-1ecc6299db9ec823/aligned-0.1.2/src/lib.rs:32:35
Dec 02 15:20:20.119 INFO [stderr]    |
Dec 02 15:20:20.119 INFO [stderr] 32 | #![cfg_attr(feature = "const-fn", feature(const_fn))]
Dec 02 15:20:20.119 INFO [stderr]    |                                   ^^^^^^^^^^^^^^^^^
Dec 02 15:20:20.119 INFO [stderr] 
Dec 02 15:20:20.119 INFO [stderr] error: aborting due to previous error
Dec 02 15:20:20.119 INFO [stderr] 
Dec 02 15:20:20.119 INFO [stderr] For more information about this error, try `rustc --explain E0554`.
Dec 02 15:20:20.131 INFO [stderr] error: Could not compile `aligned`.
Dec 02 15:20:20.131 INFO [stderr] warning: build failed, waiting for other jobs to finish...
Dec 02 15:20:21.083 INFO [stderr] error: build failed
Dec 02 15:20:21.091 INFO [stderr] su: No module specific data is present
Dec 02 15:20:22.273 INFO running `"docker" "inspect" "65a25a17d46187d738104b95ef281ce6fc009e0292d1c6acaa4d59392170e01b"`
Dec 02 15:20:22.506 INFO running `"docker" "rm" "-f" "65a25a17d46187d738104b95ef281ce6fc009e0292d1c6acaa4d59392170e01b"`
Dec 02 15:20:22.823 INFO [stdout] 65a25a17d46187d738104b95ef281ce6fc009e0292d1c6acaa4d59392170e01b
